, 0*n + 190 = 4*n - 5*k. Let j = n + m. List the prime factors of j.
3
Let k = 3586 - 2101. List the prime factors of k.
3, 5, 11
Suppose 69*f + 70718 = 107*f. List the prime factors of f.
1861
Let r(n) = -10*n**2 + n - 2. Let q be r(2). Let p = 6 - q. Suppose p + 74 = 4*c. List the prime factors of c.
2, 3, 5
Let u(g) = -2*g + 7. Let i be u(6). Let o(p) = -p**3 - 5*p**2 + 3*p - 11. Let y be o(i). Let v = -22 - y. What are the prime factors of v?
2
Let q be ((-24)/15)/(2/(-15)). Suppose 2*c + 2*c = q. Suppose -4*i - c*r = -139, -i + 0*r = 4*r - 51. List the prime factors of i.
31
Let q(m) = 2*m**2 - 8*m + 12. Let h be q(5). Suppose -5*j + 193 = -h. List the prime factors of j.
43
Let x(t) = 59*t + 632. What are the prime factors of x(12)?
2, 5, 67
Let h(v) = -61*v + 38. What are the prime factors of h(-50)?
2, 193
Let m(y) = 23*y - 2. Let z be m(-4). Let k = -6 - z. What are the prime factors of k?
2, 11
Let z = -38 - -29. Let l = z + 60. What are the prime factors of l?
3, 17
Suppose o = -m - 2*m + 79, -38 = -2*m + 3*o. What are the prime factors of m?
5
Suppose 404 = 3*b - q - 19, -2*b + q + 282 = 0. List the prime factors of b.
3, 47
Suppose 11*i + 1834 - 5871 = 0. List the prime factors of i.
367
What are the prime factors of (52/(-5))/(-5 - (-8946)/1790)?
2, 13, 179
Let y be -1 + 4 - (1 - 2). Suppose -s + 0*o = 4*o - 18, 2*o = -y*s + 58. Let j = 26 + s. List the prime factors of j.
2, 5
Suppose -8472 + 34 = -5*r - 2*f, 6754 = 4*r - 2*f. List the prime factors of r.
2, 211
Let n be (-1)/3 - 47/3. Suppose -l - 5*k = 12, l - 4*k = 2*l + 16. Let s = n - l. List the prime factors of s.
2
Let g = 4 + -7. List the prime factors of -4 - (4 + -66) - g.
61
Let h = 748 - 93. Suppose 0 = -7*k + h + 437. What are the prime factors of k?
2, 3, 13
Let q(o) = o**2 - o - 16. Let s be q(-6). Let l = s - 1. What are the prime factors of l?
5
Let w(s) = 27*s + 16. Let h(x) = x**3 - 10*x**2 + 18*x - 8. Let z be h(8). What are the prime factors of w(z)?
2, 29
Suppose 2*r + 14 = 4. Let o(d) = -d**3 - 8*d**2 - 7*d - 4. Let s be o(r). Let k = s + 65. List the prime factors of k.
3, 7
Let p = 31 - 26. Suppose 1 + 30 = -3*c + p*r, -4*c + r = 13. List the prime factors of 21/(12/(-8) - c).
2, 3, 7
Let y(c) = c**3 - 25*c**2 + 10*c - 44. List the prime factors of y(27).
2, 421
Let l = 2 + 1. Suppose -22 - 26 = -l*u. Let f = 29 - u. List the prime factors of f.
13
Let i(m) = m**3 + 11*m**2 + 6*m + 10. Suppose -k + v = 4*v + 2, -5*v = -3*k - 48. Let q be i(k). Let z = q - -82. What are the prime factors of z?
2, 13
What are the prime factors of (-29381)/(-44) - (-3)/(-4)?
23, 29
Let c = -5 + 2. Let a = -168 - -184. Let y = a + c. List the prime factors of y.
13
Let r = -35 - -39. Suppose k + a = 61, 12 = -a + r*a. What are the prime factors of k?
3, 19
Let i = -1425 - -2633. What are the prime factors of i?
2, 151
Let t(w) = 2*w**3 - 28*w**2 + 8*w - 6. What are the prime factors of t(14)?
2, 53
Let x = -20 + 14. Let j be ((-33)/x - 4)*-8. Let f = j + 16. List the prime factors of f.
2
Suppose -28 = -2*n + 5*f, -f - 1 = -5*n + 23. Suppose -n*h = 202 - 994. What are the prime factors of h?
2, 3, 11
Let i(m) be the second derivative of -5*m - 1/3*m**3 + m**2 + 0. List the prime factors of i(-8).
2, 3
Let k = -20 - -5. Let i be (-6)/(-15) + 36/k. What are the prime factors of (i - 0)*(1 + -7)?
2, 3
Let v = 85 + -80. Suppose 4*d + v*s - 178 = 3*s, 3*d = -5*s + 151. List the prime factors of d.
2, 3, 7
What are the prime factors of 22/99 + ((-85449)/(-27) - 4)?
29, 109
Suppose -25*a = -23*a - 2*s - 308, 16 = 4*s. What are the prime factors of a?
2, 79
Let n be (-115)/(-1)*(-3)/(8 + -5). Let d = 305 + n. What are the prime factors of d?
2, 5, 19
What are the prime factors of (122/3)/(10/15)?
61
Suppose -25*c + 1659 = -18*c. List the prime factors of c.
3, 79
Let j(n) = n**2 - 14*n - 27. Let u be j(16). Let d = 40 - -34. Suppose 5*a - 2*i = d, a - 6*a = -u*i - 80. List the prime factors of a.
2, 7
Suppose 29*y - 9*y - 23240 = 0. List the prime factors of y.
2, 7, 83
Let u = -185 + 327. Let a = u + -84. List the prime factors of a.
2, 29
Let q = -90 + 384. List the prime factors of q.
2, 3, 7
Let x = 5 - 19. Let n = 26 + x. List the prime factors of (1 - n)/(9 - 10).
11
Let o be ((-64)/40)/8 - (-123)/15. Let c(j) be the second derivative of j**4/6 - 5*j**3/2 + 3*j**2 - 2*j. What are the prime factors of c(o)?
2, 7
Let r(x) = -x**2 - 13*x + 14. Let z be r(-14). Suppose z = -k - 3*a + 47, 2*k - 4*a - 49 = 65. List the prime factors of k.
53
Suppose 5*r - 4*m - 157 = 0, 4*r + r - 167 = -m. Suppose 5*v - f - 2*f + 132 = 0, -3*f - 12 = v. Let c = v + r. List the prime factors of c.
3
Suppose g - 22*j + 26*j = 3647, 0 = -g + 4*j + 3687. List the prime factors of g.
19, 193
Let o be (-2)/6 - (-4)/(-6). Let k(m) = 2*m - 23*m + 19*m - 2 + 14*m**2. List the prime factors of k(o).
2, 7
Let o(g) = 3*g - 4. Suppose 17*j + 4 = 19*j. Let w be o(j). Suppose w*x - 157 = -2*x + 5*t, -x + 53 = -4*t. What are the prime factors of x?
3, 11
Let v(q) = q**3 + 6*q**2 + 3*q - 7. Let x be v(-5). Suppose 4*s = x*s + 2. Suppose 0 = s*w - 17 - 35. List the prime factors of w.
2, 13
Let s = -906 - -1123. What are the prime factors of s?
7, 31
Let t = 4130 - 2671. What are the prime factors of t?
1459
Suppose 0 = 3*u - 3*j + 196 + 65, 3*j - 9 = 0. Let f(h) = 14*h**2 + 5*h - 5. Let n be f(3). Let s = u + n. List the prime factors of s.
2, 13
Let y(t) = -t**3 + 2*t - 1. Let w be y(-2). Let o = -334 + 149. What are the prime factors of w*o/(-30)*2?
37
Let s be (-4)/(-22) + 320/55. Suppose -s*y + 0*y + 918 = 0. What are the prime factors of y?
3, 17
What are the prime factors of (-2479)/(-2) + (133/(-14) - -11)?
17, 73
What are the prime factors of -10*(50/(-5) + -219)?
2, 5, 229
Let u(t) = 3*t**2 + 27*t. Let s(y) = -5*y**2 - 40*y. Let l(b) = 5*s(b) + 8*u(b). Let o be l(9). Suppose -6*g = -9*g + o. List the prime factors of g.
3, 7
Suppose 71*l + 12618 = 74*l. What are the prime factors of l?
2, 3, 701
Let x(n) = -2*n + 27. Let w be x(10). Suppose 2*b = w*b - s - 210, -4*b + 4*s = -152. List the prime factors of b.
43
Let k(g) = -3*g. Let h be k(-2). Suppose 2*b - h*b = -12. What are the prime factors of 26 - (1 + 0/b)?
5
Let u = 29 + -26. Suppose u*o - 308 - 106 = 0. What are the prime factors of o?
2, 3, 23
Suppose d + u - 471 = -35, 3*u = 4*d - 1723. Suppose 0 = 4*b - 2*b - 3*l - 267, 2*l - d = -3*b. What are the prime factors of b?
3, 47
Let d = 3400 - 1351. List the prime factors of d.
3, 683
Let h be 24/30 + (-3386)/(-5). Suppose 0 = -10*x + 4*x + h. What are the prime factors of x?
113
Let q = 327 + -549. Let g = -151 - q. List the prime factors of g.
71
Let n = 1594 - -3051. List the prime factors of n.
5, 929
Let p = -1541 - -3061. What are the prime factors of p?
2, 5, 19
Let j = 11 + -14. Let d be (-7)/j - 3/9. Suppose i - 22 = -3*b, 6*b + i - 29 = d*b. List the prime factors of b.
7
Suppose -3*u = 3*k - 9, 5 = -u - 6*k + k. Suppose 0 = 5*c - 5*z - 415, -229 = -3*c - u*z + 36. Suppose 2*g - c = -3*g. What are the prime factors of g?
17
Suppose 3*o = 4*d - 2580, -4*d + 26*o + 2580 = 31*o. What are the prime factors of d?
3, 5, 43
Suppose 5*g - 6779 = 5921. Suppose 0 = y + 9*y - g. List the prime factors of y.
2, 127
List the prime factors of (3/(-24)*-5354)/(14/56).
2677
Let u = -67 + 66. List the prime factors of -4*(u - 54/8).
31
Suppose c - t - 451 = 0, -3*c = -2*t - 2*t - 1350. List the prime factors of c.
2, 227
Suppose 118 = -8*y + 710. What are the prime factors of y?
2, 37
Let t be (-101)/11 - (-8)/44. What are the prime factors of 200/6 + 3/t?
3, 11
Suppose 0 = -12*n + 19*n - 1092. Suppose -4*o + n = -688. What are the prime factors of o?
211
Suppose -221*h - 39204 = -230*h. List the prime factors of h.
2, 3, 11
Let q be ((-74)/(-3))/(2/(-3)). Let u = -23 - q. List the prime factors of u.
2, 7
List the prime factors of 6/(-15) - 4/40*-8824.
2, 3, 7
Suppose -7*n + 3*n = -4*x + 8, 6 = -2*n + 3*x. Suppose 0 = 2*w - 3*f + 17, -4*f = 5*w - 3*f. List the prime factors of 18 - w/(-1)*n.
2, 3
List the prime factors of 4 + (3 - 332 - 5)*-1.
2, 13
Suppose 0 = -2*b - 3*b. Suppose 5*l + 3*h = -b*h + 9, h - 3 = 3*l. Suppose l = -t + 1 + 2. What are the prime factors of t?
3
Let b be (-5)/(5/11) - 1. Li